{"id":796,"date":"2024-12-24T12:53:16","date_gmt":"2024-12-24T12:53:16","guid":{"rendered":"https:\/\/cafe-boehmerwald.de\/?page_id=796"},"modified":"2025-07-11T14:42:12","modified_gmt":"2025-07-11T14:42:12","slug":"baumstriezel","status":"publish","type":"page","link":"https:\/\/cafe-boehmerwald.de\/?page_id=796","title":{"rendered":"Baumstriezel"},"content":{"rendered":"\n<p><strong>Achtung Sommerpause:<\/strong><\/p>\n\n\n\n<p><strong>Unsere Baumstriezel gibt es wieder zur Wintersaison 2025\/2026<\/strong>:<\/p>\n\n\n\n<p>Samstag und Sonntag, gibt es unsere Baumstriezel, aus selbstgemachtem Hefeteig, frisch zubereitet und mit Zimt+Zucker knusprig gebacken.<\/p>\n\n\n\n<p>Zum Mitnehmen oder am besten gleich im Caf\u00e9 mit einer hei\u00dfen Tasse Kaffee oder Tee ofenfrisch genie\u00dfen.<\/p>\n\n\n\n<figure class=\"wp-block-image size-full\"><img loading=\"lazy\" decoding=\"async\" width=\"1000\" height=\"868\" src=\"https:\/\/cafe-boehmerwald.de\/wp-content\/uploads\/2025\/01\/baumstriezl_3.jpg\" alt=\"\" class=\"wp-image-828\" srcset=\"https:\/\/cafe-boehmerwald.de\/wp-content\/uploads\/2025\/01\/baumstriezl_3.jpg 1000w, https:\/\/cafe-boehmerwald.de\/wp-content\/uploads\/2025\/01\/baumstriezl_3-300x260.jpg 300w, https:\/\/cafe-boehmerwald.de\/wp-content\/uploads\/2025\/01\/baumstriezl_3-768x667.jpg 768w\" sizes=\"auto, (max-width: 1000px) 100vw, 1000px\" \/><\/figure>\n\n\n\n<p><\/p>\n","protected":false},"excerpt":{"rendered":"<p>Achtung Sommerpause: Unsere Baumstriezel gibt es wieder zur Wintersaison 2025\/2026: Samstag und Sonntag, gibt es unsere Baumstriezel, aus selbstgemachtem Hefeteig, frisch zubereitet und mit Zimt+Zucker knusprig gebacken. Zum Mitnehmen oder [&hellip;]<\/p>\n","protected":false},"author":1,"featured_media":0,"parent":0,"menu_order":0,"comment_status":"closed","ping_status":"closed","template":"","meta":{"_EventAllDay":false,"_EventTimezone":"","_EventStartDate":"","_EventEndDate":"","_EventStartDateUTC":"","_EventEndDateUTC":"","_EventShowMap":false,"_EventShowMapLink":false,"_EventURL":"","_EventCost":"","_EventCostDescription":"","_EventCurrencySymbol":"","_EventCurrencyCode":"","_EventCurrencyPosition":"","_EventDateTimeSeparator":"","_EventTimeRangeSeparator":"","_EventOrganizerID":[],"_EventVenueID":[],"_OrganizerEmail":"","_OrganizerPhone":"","_OrganizerWebsite":"","_VenueAddress":"","_VenueCity":"","_VenueCountry":"","_VenueProvince":"","_VenueState":"","_VenueZip":"","_VenuePhone":"","_VenueURL":"","_VenueStateProvince":"","_VenueLat":"","_VenueLng":"","_VenueShowMap":false,"_VenueShowMapLink":false,"footnotes":""},"class_list":["post-796","page","type-page","status-publish","hentry"],"_links":{"self":[{"href":"https:\/\/cafe-boehmerwald.de\/index.php?rest_route=\/wp\/v2\/pages\/796","targetHints":{"allow":["GET"]}}],"collection":[{"href":"https:\/\/cafe-boehmerwald.de\/index.php?rest_route=\/wp\/v2\/pages"}],"about":[{"href":"https:\/\/cafe-boehmerwald.de\/index.php?rest_route=\/wp\/v2\/types\/page"}],"author":[{"embeddable":true,"href":"https:\/\/cafe-boehmerwald.de\/index.php?rest_route=\/wp\/v2\/users\/1"}],"replies":[{"embeddable":true,"href":"https:\/\/cafe-boehmerwald.de\/index.php?rest_route=%2Fwp%2Fv2%2Fcomments&post=796"}],"version-history":[{"count":18,"href":"https:\/\/cafe-boehmerwald.de\/index.php?rest_route=\/wp\/v2\/pages\/796\/revisions"}],"predecessor-version":[{"id":840,"href":"https:\/\/cafe-boehmerwald.de\/index.php?rest_route=\/wp\/v2\/pages\/796\/revisions\/840"}],"wp:attachment":[{"href":"https:\/\/cafe-boehmerwald.de\/index.php?rest_route=%2Fwp%2Fv2%2Fmedia&parent=796"}],"curies":[{"name":"wp","href":"https:\/\/api.w.org\/{rel}","templated":true}]}}

<p><strong>Achtung Sommerpause:</strong></p>



<p><strong>Unsere Baumstriezel gibt es wieder zur Wintersaison 2025/2026</strong>:</p>



<p>Samstag und Sonntag, gibt es unsere Baumstriezel, aus selbstgemachtem Hefeteig, frisch zubereitet und mit Zimt+Zucker knusprig gebacken.</p>



<p>Zum Mitnehmen oder am besten gleich im Café mit einer heißen Tasse Kaffee oder Tee ofenfrisch genießen.</p>



<figure class="wp-block-image size-full"><img loading="lazy" decoding="async" width="1000" height="868" src="https://cafe-boehmerwald.de/wp-content/uploads/2025/01/baumstriezl_3.jpg" alt="" class="wp-image-828" srcset="https://cafe-boehmerwald.de/wp-content/uploads/2025/01/baumstriezl_3.jpg 1000w, https://cafe-boehmerwald.de/wp-content/uploads/2025/01/baumstriezl_3-300x260.jpg 300w, https://cafe-boehmerwald.de/wp-content/uploads/2025/01/baumstriezl_3-768x667.jpg 768w" sizes="auto, (max-width: 1000px) 100vw, 1000px" /></figure>



<p></p>
